t is 10210011 - -10?
10210021
In base 3, what is -2 + -11020122?
-11020201
In base 9, what is -2 + 77?
75
In base 9, what is -1 + 1?
0
In base 5, what is 113044 + 3?
113102
In base 4, what is -32 + -1?
-33
In base 5, what is 3 + 2141?
2144
In base 14, what is -7 + -6d?
-76
In base 12, what is 9 - -13a8?
13b5
In base 8, what is 56 + -1?
55
In base 12, what is 315 + -4?
311
In base 13, what is -197 + 3?
-194
In base 14, what is -177 - 1?
-178
In base 5, what is -443 + 3?
-440
In base 12, what is 13 + 0?
13
In base 3, what is -21201 + 11?
-21120
In base 10, what is 5 + 14?
19
In base 13, what is -710 + -3?
-713
In base 9, what is -5685 + -1?
-5686
In base 15, what is -19 - -8?
-11
In base 13, what is 45a + 15?
472
In base 4, what is 200 + -1101?
-301
In base 10, what is 433 - 59?
374
In base 10, what is -9 - -1494?
1485
In base 10, what is -387 - -2?
-385
In base 7, what is 5 - 240?
-232
In base 6, what is 1121 + 2?
1123
In base 14, what is -367 + -2?
-369
In base 2, what is 11000010 + 11?
11000101
In base 13, what is 21b7 + 5?
21bc
In base 5, what is -3 + 221?
213
In base 3, what is 120120220 - 12?
120120201
In base 10, what is 4527 - 3?
4524
In base 13, what is -2 - 4?
-6
In base 12, what is -24 - 1?
-25
In base 10, what is 19 - 3?
16
In base 3, what is -11 - -1212?
1201
In base 10, what is -26 + 1?
-25
In base 14, what is b95 - -4?
b99
In base 4, what is 2001333 - -10?
2002003
In base 5, what is 41 - -121?
212
In base 3, what is 10 + -1212?
-1202
In base 4, what is -13 - -22310?
22231
In base 15, what is 18c + -2?
18a
In base 16, what is -1 - 42?
-43
In base 2, what is 0 + 100010000?
100010000
In base 6, what is 2304 + 2?
2310
In base 16, what is -aa + 3?
-a7
In base 12, what is 33 - -144?
177
In base 14, what is -41d - -4?
-419
In base 8, what is 367 - -4?
373
In base 4, what is 11 - 20301?
-20230
In base 2, what is -11000 + 11100?
100
In base 4, what is 1 - 330133?
-330132
In base 8, what is 124 - -322?
446
In base 5, what is -11034 + 4?
-11030
In base 6, what is 4 + -110?
-102
In base 15, what is 1 - 20?
-1e
In base 12, what is -2 + -b02?
-b04
In base 16, what is 3c - 14?
28
In base 16, what is -fa - b?
-105
In base 6, what is 1504 + 10?
1514
In base 14, what is -2 - b15?
-b17
In base 2, what is -101 - 11010001?
-11010110
In base 7, what is -23 + -1213?
-1236
In base 8, what is 234 + -5?
227
In base 3, what is -1220220 - 12?
-1221002
In base 6, what is 1 - -250?
251
In base 2, what is 1111 - 110?
1001
In base 15, what is -2c - -8?
-24
In base 10, what is 13 + -2?
11
In base 6, what is -5 + 1150?
1141
In base 5, what is -2 - -2101?
2044
In base 3, what is -101 - 11?
-112
In base 3, what is -1021000 + -1?
-1021001
In base 11, what is 3 - -30?
33
In base 12, what is 6 - 13?
-9
In base 10, what is -1635 - -2?
-1633
In base 4, what is -22 - 111?
-133
In base 2, what is -10000101 - 1101?
-10010010
In base 4, what is -11 - -2110?
2033
In base 2, what is -1100 + -101?
-10001
In base 10, what is 5 + -45?
-40
In base 5, what is 20100 + 1?
20101
In base 4, what is 3 - 230231?
-230222
In base 5, what is -4 + -3304?
-3313
In base 2, what is 1000010110 - -1?
1000010111
In base 13, what is 4 + -7?
-3
In base 4, what is 203321 + -2?
203313
In base 3, what is 101102 - -2?
101111
In base 12, what is -251 - -4?
-249
In base 3, what is 111222 - -201?
112200
In base 15, what is -1 - 28?
-29
In base 5, what is 133 + -21?
112
In base 10, what is 17 - -177?
194
In base 7, what is 216 + 3?
222
In base 6, what is 3 - 35?
-32
In base 3, what is 1012 + 112?
1201
In base 9, what is 131 + -6?
124
In base 7, what is 123 + 2?
125
In base 13, what is 1 + -11c?
-11b
In base 4, what is -10 + -12231?
-12301
In base 8, what is -5 - -4774?
4767
In base 16, what is 9 + -1f?
-16
In base 3, what is 10 - -102?
112
In base 16, what is 3 - 1c4?
-1c1
In base 15, what is 0 - 14ab?
-14ab
In base 3, what is -1 + 102201?
102200
In base 15, what is 174 + 1e?
193
In base 9, what is 34 - -265?
310
In base 15, what is 99 + -29?
70
In base 11, what is 0 + 114?
114
In base 9, what is 2 + -106?
-104
In base 15, what is 70 - 9?
66
In base 6, what is -250 - -1015?
325
In base 4, what is 1002 - -223?
1231
In base 7, what is -15 - 2?
-20
In base 2, what is 10101001 + -101?
10100100
In base 12, what is b1 - 4?
a9
In base 10, what is 5 + 478?
483
In base 7, what is -10 - 54?
-64
In base 7, what is -3 - -303?
300
In base 3, what is 11 + 1021?
1102
In base 10, what is -429 + -9?
-438
In base 16, what is -116b + 1?
-116a
In base 11, what is -a - 60?
-6a
In base 10, what is -3507 + -4?
-3511
In base 7, what is 116 + -115?
1
In base 8, what is 3 + 12254?
12257
In base 7, what is 5 - -5?
13
In base 6, what is 4 - 35?
-31
In base 6, what is 5 + 120?
125
In base 2, what is 10000 - -10?
10010
In base 14, what is -c3c0 - 3?
-c3c3
In base 9, what is -5 - 107?
-113
In base 7, what is -350 - -6?
-341
In base 10, what is -5 + -197?
-202
In base 15, what is -e - 4?
-13
In base 14, what is -3 + -10c?
-111
In base 6, what is -4 + -350?
-354
In base 9, what is 5 - -3155?
3161
In base 11, what is 5 + 1106?
1110
In base 2, what is -11010 - 11?
-11101
In base 13, what is b2 + 5?
b7
In base 12, what is b552 + 5?
b557
In base 11, what is 283 - -7?
28a
In base 10, what is -1 - 482?
-483
In base 15, what is -36c + -10?
-37c
In base 6, what is 12341 + -4?
12333
In base 16, what is 11c - 8?
114
In base 3, what is 1 + -11121?
-11120
In base 6, what is 10 + -304?
-254
In base 12, what is 41 + -1?
40
In base 5, what is 4 + -123?
-114
In base 3, what is 0 + 111102?
111102
In base 9, what is -521 - 2?
-523
In base 8, what is 2364 + 2?
2366
In base 12, what is -26a - -34?
-236
In base 15, what is 0 - -190?
190
In base 13, what is -5 + 5a?
55
In base 5, what is -10 - 20?
-30
In base 9, what is -8 - 2?
-11
In base 13, what is b + 14?
22
In base 7, what is 53 + -3?
50
In base 15, what is -a - -6?
-4
In base 12, what is -4 - -23?
1b
In base 15, what is 11 + -16?
-5
In base 4, what is 21132 - 13?
21113
In base 12, what is 8 - 998?
-990
In base 6, what is 1235 - -5?
1244
In base 6, what is 2020 - -143?
2203
In base 2, what is 101 + 100100101010?
100100101111
In base 14, what is 5 - 2aa?
-2a5
In base 11, what is -2832 + -4?
-2836
In base 14, what is -2 - -2b5?
2b3
In base 7, what is 4 + 1033?
1040
In base 11, what is -204 + 1?
-203
In base 3, what is -111 + -10010?
-10121
In base 6, what is 3 + -254?
-251
In base 12, what is -28 - -6?
-22
In base 16, what is 0 - -268?
268
In base 4, what is -200 - 1?
-201
In base 12, what is 48 + 4?
50
In base 9, what is -65 - 0?
-65
In base 8, what is 322 - -33?
355
In base 5, what is -2 + -23222?
-23224
In base 7, what is 44 + -1?
43
In base 7, what is -15020 - 0?
-15020
In base 14, what is 4 + 286?
28a
In base 13, what is -2bc + 15?
-2a7
In base 13, what is 2 - 90b?
-909
In base 3, what is -1 + -1201?
-1202
In base 10, what is -8 + -29?
-37
In base 10, what is 215 + 1?
216
In base 9, what is -5 - -654?
648
In base 4, what is -232 - 3032?
-3330
In base 3, what is -12022210 - 2?
-12022212
In base 10, what is 147 + -22?
125
In base 8, what is -14 - -23?
7
In base 9, what is -246 + -1?
-247
In base 5, what is -140 + -101?
-241
In base 3, what is -111 - -11102?
10221
In base 12, what is -155 - -1?
-154
In base 10, what is -2 - -5?
3
In base 5, what is 0 + -342?
-342
In base 9, what is -10 + 54?
44
In base 2, what is -101010 - -101?
-100101
In base 13, what is 1c9 - 2?
1c7
In base 15, what is 0 + 44?
44
In base 4, what is -1 + -1122?
-1123
In base 6, what is -5 - 51?
-100
In base 3, what is 2 - -101022?
101101
In base 10, what is -13199 + -1?
-13200
In base 11, what is -11a2 - 2?
-11a4
In base 6, what is 43 - 2?
41
In base 4, what is -1 + -203?
-210
In base 14, what is -2 - 60?
-62
In base 10, what is 0 + 250?
250
In base 15, what is -1 + -29?
-2a
In base 14, what is 10b + -21?
ca
In base 9, what is -17 + 22?
4
In base 2, what is 10001 - -1001?
11010
In base 5, what is -10 + -133?
-143
In base 5, what is 0 + 1210?
1210
In base 15, what is -174 - -4?
-170
In base 11, what is -4 - 2a?
-33
In base 12, what is 4 - 79?
-75
In base 13, what is 7 + 21?
28
In base 7, what is 5141 + -4?
5134
In base 5, what is -21 - -1441?
1420
In base 9, what is -232 + 1?
-231
In base 13, what is -1 - -15a?
159
In base 11, what i